culate the remainder when 340459 is divided by 22643.
814
What is the remainder when 4689 is divided by 4369?
320
Calculate the remainder when 2628174 is divided by 20.
14
Calculate the remainder when 182153 is divided by 8760.
6953
What is the remainder when 40283889 is divided by 1188?
1185
Calculate the remainder when 727564 is divided by 6259.
1520
Calculate the remainder when 107329485 is divided by 6.
3
Calculate the remainder when 838684 is divided by 2279.
12
What is the remainder when 11179013 is divided by 482?
469
Calculate the remainder when 6898100 is divided by 36.
32
What is the remainder when 771007 is divided by 18?
13
What is the remainder when 1620310 is divided by 533?
523
Calculate the remainder when 140887 is divided by 115.
12
What is the remainder when 12626 is divided by 1571?
58
What is the remainder when 1097944 is divided by 769?
581
What is the remainder when 19335 is divided by 12988?
6347
Calculate the remainder when 165391619 is divided by 601424.
19
Calculate the remainder when 1851315 is divided by 925647.
21
What is the remainder when 7364321 is divided by 422?
421
Calculate the remainder when 1656856 is divided by 331344.
136
What is the remainder when 3091661493 is divided by 868?
865
Calculate the remainder when 1315810 is divided by 1315646.
164
Calculate the remainder when 696255 is divided by 99464.
7
Calculate the remainder when 637199 is divided by 637197.
2
Calculate the remainder when 198388839 is divided by 248.
247
Calculate the remainder when 129678 is divided by 865.
793
Calculate the remainder when 2127873 is divided by 163681.
20
What is the remainder when 8058 is divided by 1295?
288
What is the remainder when 1035725 is divided by 207133?
60
What is the remainder when 128888 is divided by 42532?
1292
Calculate the remainder when 35456 is divided by 7247.
6468
Calculate the remainder when 3611329 is divided by 11.
7
Calculate the remainder when 157856 is divided by 354.
326
Calculate the remainder when 2305024 is divided by 256112.
16
Calculate the remainder when 73488641 is divided by 1076.
1069
What is the remainder when 284188 is divided by 116?
104
What is the remainder when 930368812 is divided by 9743?
9742
Calculate the remainder when 137788 is divided by 358.
316
Calculate the remainder when 7415567 is divided by 36.
35
Calculate the remainder when 27039538 is divided by 8.
2
Calculate the remainder when 1209992 is divided by 502.
172
Calculate the remainder when 1368047 is divided by 4921.
9
Calculate the remainder when 956402 is divided by 2130.
32
What is the remainder when 38274395 is divided by 31?
28
What is the remainder when 8265925 is divided by 639?
460
Calculate the remainder when 300980 is divided by 4067.
22
Calculate the remainder when 2472027 is divided by 130105.
32
Calculate the remainder when 25294334 is divided by 101.
96
What is the remainder when 3181241 is divided by 176734?
29
What is the remainder when 43505 is divided by 360?
305
Calculate the remainder when 39839196 is divided by 40.
36
What is the remainder when 14353620 is divided by 3588403?
8
Calculate the remainder when 194391392 is divided by 38.
36
What is the remainder when 2208 is divided by 78?
24
What is the remainder when 697901 is divided by 553?
15
Calculate the remainder when 1313928 is divided by 119447.
11
Calculate the remainder when 407114 is divided by 290.
244
Calculate the remainder when 1138678 is divided by 63252.
142
What is the remainder when 392888 is divided by 130920?
128
Calculate the remainder when 140531576 is divided by 2465466.
14
What is the remainder when 335851 is divided by 2301?
2206
What is the remainder when 3018563 is divided by 56?
51
What is the remainder when 305394478 is divided by 40?
38
What is the remainder when 178656 is divided by 876?
828
What is the remainder when 219870106 is divided by 732?
730
What is the remainder when 4660 is divided by 2716?
1944
Calculate the remainder when 214122648 is divided by 679.
677
What is the remainder when 672904 is divided by 26916?
4
Calculate the remainder when 524591573 is divided by 68.
65
Calculate the remainder when 31490707 is divided by 211347.
4
Calculate the remainder when 3797451 is divided by 151898.
1
What is the remainder when 360361 is divided by 360199?
162
What is the remainder when 4545604 is divided by 757586?
88
Calculate the remainder when 110414722 is divided by 7.
5
Calculate the remainder when 542477 is divided by 4598.
4511
What is the remainder when 185082 is divided by 37016?
2
Calculate the remainder when 62737 is divided by 249.
238
Calculate the remainder when 7202699 is divided by 2650.
2649
What is the remainder when 1341455 is divided by 137?
88
Calculate the remainder when 12598287 is divided by 2031.
2025
Calculate the remainder when 443419 is divided by 17410.
8169
Calculate the remainder when 1511522 is divided by 1511075.
447
What is the remainder when 17210 is divided by 17021?
189
What is the remainder when 135074536 is divided by 3879?
3877
What is the remainder when 2886474 is divided by 29?
17
Calculate the remainder when 768259 is divided by 5958.
5635
What is the remainder when 19639014 is divided by 703?
6
Calculate the remainder when 1778328 is divided by 216.
0
What is the remainder when 409629 is divided by 137?
136
What is the remainder when 3399472 is divided by 3343?
2984
Calculate the remainder when 780070 is divided by 259990.
100
What is the remainder when 1152079 is divided by 230409?
34
Calculate the remainder when 252793 is divided by 9995.
2918
Calculate the remainder when 139861 is divided by 1261.
1151
Calculate the remainder when 584354 is divided by 309.
35
Calculate the remainder when 18158378 is divided by 18158377.
1
What is the remainder when 8351 is divided by 401?
331
Calculate the remainder when 92709 is divided by 7693.
393
What is the remainder when 77263 is divided by 1119?
52
Calculate the remainder when 42907877 is divided by 377.
376
Calculate the remainder when 214076 is divided by 2103.
1673
Calculate the remainder when 7071 is divided by 6066.
1005
What is the remainder when 739892 is divided by 12?
8
What is the remainder when 3651277 is divided by 3662?
263
What is the remainder when 56960921 is divided by 56960910?
11
Calculate the remainder when 46604588 is divided by 1377.
23
What is the remainder when 8025049 is divided by 8024843?
206
What is the remainder when 2110192 is divided by 141?
127
What is the remainder when 688603 is divided by 31276?
531
What is the remainder when 57085 is divided by 4391?
2
Calculate the remainder when 43955830 is divided by 117844.
18
What is the remainder when 2101222 is divided by 207?
172
What is the remainder when 170566948 is divided by 85?
83
What is the remainder when 80930 is divided by 26920?
170
Calculate the remainder when 4129188 is divided by 2294.
2282
What is the remainder when 434905 is divided by 1978?
1723
What is the remainder when 105899 is divided by 1254?
563
What is the remainder when 73084 is divided by 2520?
4
Calculate the remainder when 536277 is divided by 178728.
93
Calculate the remainder when 7309286 is divided by 53.
3
Calculate the remainder when 4811998 is divided by 47.
44
What is the remainder when 89223 is divided by 786?
405
Calculate the remainder when 2111316 is divided by 42226.
16
Calculate the remainder when 5450506 is divided by 911.
904
Calculate the remainder when 1372193 is divided by 80715.
38
Calculate the remainder when 4356918 is divided by 155604.
6
Calculate the remainder when 19987747 is divided by 4250.
4247
What is the remainder when 132487 is divided by 281?
136
Calculate the remainder when 1156301 is divided by 578098.
105
Calculate the remainder when 101710 is divided by 314.
288
Calculate the remainder when 9051118 is divided by 1129.
1054
Calculate the remainder when 76268 is divided by 255.
23
Calculate the remainder when 47960680 is divided by 14.
12
What is the remainder when 6794434 is divided by 67944?
34
Calculate the remainder when 488495 is divided by 3643.
333
What is the remainder when 881154 is divided by 440085?
984
What is the remainder when 1135847 is divided by 162261?
20
Calculate the remainder when 41914867 is divided by 10.
7